base 4, what is -1000001 - 32?
-1000033
In base 11, what is -9 - 8634?
-8642
In base 4, what is 23201101 - 22?
23201013
In base 5, what is -11414 + -33?
-12002
In base 11, what is -3031 - 6?
-3037
In base 10, what is -98550 - 7?
-98557
In base 11, what is 6567a - 32?
65648
In base 13, what is 5 + 4c424?
4c429
In base 2, what is 10110 + -11011101110001001?
-11011101101110011
In base 8, what is -67733 + -1?
-67734
In base 15, what is 1 - 1acd5?
-1acd4
In base 2, what is -11000111 + 11111010000?
11100001001
In base 10, what is -34 + 10541?
10507
In base 3, what is -201 + 111021000?
111020022
In base 12, what is -12735 + -1?
-12736
In base 11, what is 34538 - -5?
34542
In base 9, what is 3325 + -750?
2465
In base 12, what is 410883 - -3?
410886
In base 13, what is -1005c - -2c?
-10030
In base 4, what is -20030301300 + -2?
-20030301302
In base 13, what is -5aab0 - -3?
-5aaaa
In base 7, what is -3 - 311030?
-311033
In base 15, what is 702 - ac5?
-3c3
In base 12, what is -5 - 3727?
-3730
In base 4, what is 332022230 + -10?
332022220
In base 4, what is 310 + -202133?
-201223
In base 4, what is -20312321 + -10?
-20312331
In base 10, what is 360 + 31?
391
In base 12, what is 3 - -7808?
780b
In base 4, what is 2031221 - 0?
2031221
In base 9, what is 1 - -801?
802
In base 4, what is 13012 + -30330?
-11312
In base 13, what is 2bbc - 17?
2ba5
In base 5, what is -1213 + 13141?
11423
In base 14, what is 5d5 + 180?
775
In base 13, what is 7 - -b33b?
b345
In base 8, what is -5 + -1067473?
-1067500
In base 10, what is -281 + 331?
50
In base 5, what is 4242 + -1403?
2334
In base 16, what is -3aa7f0 - -4?
-3aa7ec
In base 6, what is -30 + 4431?
4401
In base 15, what is -366a6a + 5?
-366a65
In base 4, what is 30212003 - -3?
30212012
In base 16, what is 614 + -20d?
407
In base 8, what is -223 - 571?
-1014
In base 16, what is -1ec + -1cc?
-3b8
In base 11, what is -10 + 199?
189
In base 5, what is 1420 - 1140?
230
In base 15, what is 4 + -b34a?
-b346
In base 5, what is -10 + -4131400?
-4131410
In base 14, what is -3 - 74536?
-74539
In base 2, what is 1011 - 1101110111110?
-1101110110011
In base 5, what is -121 - 3123434?
-3124110
In base 15, what is d8da8 - -3?
d8dab
In base 13, what is -1520 - 2?
-1522
In base 7, what is -13332 - -2?
-13330
In base 6, what is 3322 + 15430?
23152
In base 12, what is 1563 + a?
1571
In base 7, what is -314426 - 4?
-314433
In base 10, what is 48 - 2408?
-2360
In base 14, what is -2b + -3611?
-363c
In base 8, what is 1 + 4274?
4275
In base 6, what is 104 + 24351?
24455
In base 13, what is -1 + -bc?
-c0
In base 12, what is -b4 + -3227?
-331b
In base 14, what is 2388 + -c0?
22a8
In base 12, what is 2992aa - 5?
2992a5
In base 7, what is 5030124 + 5?
5030132
In base 5, what is 2 - -14444004?
14444011
In base 10, what is 15 + -9721?
-9706
In base 5, what is 3441 - 211?
3230
In base 11, what is 4a3a - 4?
4a36
In base 2, what is 101111000111001 + 110?
101111000111111
In base 14, what is -a + -295ca?
-295d6
In base 9, what is 52 - -171621?
171673
In base 3, what is 2010021002 + 12?
2010021021
In base 12, what is -bb2bb + 3?
-bb2b8
In base 3, what is -12020020020 - 102?
-12020020122
In base 9, what is 4 + 1123502?
1123506
In base 16, what is 13f - 3c?
103
In base 2, what is -11010010001011 + -1100010?
-11010011101101
In base 5, what is 31 - 1133021?
-1132440
In base 4, what is 11 + 33003?
33020
In base 8, what is 13 - -603154?
603167
In base 9, what is 3510 - -37?
3547
In base 7, what is -3 - -12040?
12034
In base 15, what is -e3c9 + 5?
-e3c4
In base 3, what is 221002111221 + 0?
221002111221
In base 11, what is 3 + -65751?
-65749
In base 6, what is 125133 + -143?
124550
In base 3, what is 1 - 1021122222?
-1021122221
In base 7, what is 520 - 54?
433
In base 2, what is -1110010110000101 + -100?
-1110010110001001
In base 6, what is -5 + -222202?
-222211
In base 5, what is -3133330 + 2?
-3133323
In base 14, what is c + 41a81?
41a8d
In base 5, what is 12 + 201420?
201432
In base 4, what is 21312121222 - -10?
21312121232
In base 7, what is 66 + 12525?
12624
In base 16, what is 4935 - 12?
4923
In base 6, what is 1452 + -23?
1425
In base 3, what is 1112112022022 - -1?
1112112022100
In base 11, what is 1 + -32178?
-32177
In base 15, what is dd7 + 18?
e00
In base 12, what is -1243 + 1?
-1242
In base 4, what is 12113 + 3121?
21300
In base 11, what is -3 - -9a76?
9a73
In base 7, what is 1340313 - 20?
1340263
In base 5, what is -244242 - -4?
-244233
In base 8, what is 3437 + 26?
3465
In base 10, what is -3812 + -96?
-3908
In base 15, what is 1170 + 176?
12e6
In base 2, what is -1111 - -111000000100?
110111110101
In base 11, what is 1a2 - -4263?
4455
In base 2, what is -1111001 - -100000010101?
11110011100
In base 3, what is 12220000222 + 10?
12220001002
In base 7, what is -10051 - 34?
-10115
In base 5, what is 114100 - -12212?
131312
In base 4, what is -201 + -23303?
-30110
In base 13, what is -4 - -29990?
29989
In base 16, what is 333 - -2ad?
5e0
In base 10, what is -31 - -2385?
2354
In base 11, what is -194 + -93?
-277
In base 15, what is -3a690 - 0?
-3a690
In base 5, what is -30330 + -2111?
-32441
In base 14, what is b - -7898?
78a5
In base 11, what is -11395 - -4a?
-11346
In base 2, what is -10010 + 1000000000101100?
1000000000011010
In base 9, what is 1010032 + 0?
1010032
In base 14, what is 3 + -634c?
-6349
In base 12, what is -33 - -742?
70b
In base 16, what is 57a93 + 0?
57a93
In base 9, what is 5 + -28583?
-28577
In base 3, what is -10 - 10112122212?
-10112122222
In base 9, what is -44 - 1150?
-1204
In base 9, what is -1336 - -644?
-582
In base 11, what is 71954 + -7?
71948
In base 8, what is -3 - 177021?
-177024
In base 4, what is 202113333 + 2?
202120001
In base 13, what is -23158 + 5?
-23153
In base 13, what is 2c484 - -4?
2c488
In base 13, what is 7b - 1547?
-1499
In base 12, what is -7584 - -5?
-757b
In base 8, what is 205 - 6472?
-6265
In base 12, what is 24 - 24290?
-24268
In base 4, what is -313110 - -13?
-313031
In base 6, what is 200 - 212?
-12
In base 4, what is 2022312 + 111?
2023023
In base 12, what is -207 - -bb5?
9aa
In base 16, what is 4a + -69?
-1f
In base 7, what is 1100043 + 6?
1100052
In base 15, what is -8e - -11e?
80
In base 14, what is bb1 + 32?
c03
In base 16, what is 0 + 9c9f1?
9c9f1
In base 8, what is 10 - 2362?
-2352
In base 5, what is -3212 + -202?
-3414
In base 11, what is -3 - 27279?
-27281
In base 16, what is 2be3 - 4?
2bdf
In base 7, what is 43335 + 25?
43363
In base 15, what is -1ae - 87?
-246
In base 11, what is -1760 + -85?
-1835
In base 6, what is 123555 - 11?
123544
In base 10, what is 369954 + -5?
369949
In base 16, what is 4cde - 20?
4cbe
In base 2, what is 11100 - 1000111000?
-1000011100
In base 3, what is 1022020 + 220?
1100010
In base 11, what is 5 - -234313?
234318
In base 2, what is -11 + 1001010001110?
1001010001011
In base 8, what is 636223 + -3?
636220
In base 8, what is 111 - -2607?
2720
In base 11, what is 1a42 + 5?
1a47
In base 9, what is 18516 + -110?
18406
In base 13, what is 4455 + 4?
4459
In base 7, what is 0 - 3155611?
-3155611
In base 3, what is 111 - 1120221010?
-1120220122
In base 14, what is 33dd - -72?
3471
In base 8, what is -341 + 2101?
1540
In base 13, what is -7 - -16c7?
16c0
In base 13, what is -42c + 584?
155
In base 16, what is 0 + 2ee?
2ee
In base 6, what is 121515 + 3?
121522
In base 5, what is 4 - -13103?
13112
In base 8, what is -15007 + -15?
-15024
In base 13, what is -680 + 10?
-670
In base 2, what is -10000101101 + 110001?
-1111111100
In base 11, what is -10683 - -17?
-10667
In base 4, what is 0 - 12232321102?
-12232321102
In base 2, what is 11001111100 + 10001000101?
101011000001
In base 6, what is 23311 - -300?
24011
In base 7, what is -3 + 60252?
60246
In base 11, what is -1 + 12942?
12941
In base 14, what is 2 + 13256?
13258
In base 6, what is -1224 - -231452?
230224
In base 14, what is -13349 - 3?
-1334c
In base 5, what is 133 + 11120?
11303
In base 6, what is 13 + -54?
-41
In base 16, what is 1fe + 1530?
172e
In base 14, what is 2 - -b141?
b143
In base 2, what is -100011011 + -1110001011?
-10010100110
In base 3, what is 21 - -11222100?
11222121
In base 16, what is 5e - -6a?
c8
In base 12, what is -1a19 + 1a?
-19bb
In base 9, what is 0 + -418044?
-418044
In base 6, what